*2 - z - 1. Calculate the remainder when 95 is divided by i(-1).
29
Suppose 0 = -2*w + 1 + 1. Let t be (w/(1/4))/1. Let k = 0 + t. What is the remainder when k is divided by 3?
1
Let m(i) = -i**2 - 4*i - 1. Let f be m(-3). Let j = 31 - 23. What is the remainder when 43/3 + f/3 is divided by j?
7
Suppose -4*f - 10*f + 910 = 0. Calculate the remainder when f is divided by 23.
19
Let u = -98 + 138. What is the remainder when u is divided by 18?
4
Let r = 7 - 5. Suppose -r*h - 3*u + 20 = -6*u, 28 = 2*h + u. What is the remainder when 1032/27 + (-6)/27 is divided by h?
12
Suppose 56 - 184 = -2*o. Let h(q) = 6*q - 2. Calculate the remainder when o is divided by h(4).
20
Calculate the remainder when 110 is divided by (-7)/3*(-180)/15.
26
Suppose 16*t - 20*t = -276. Calculate the remainder when t is divided by 18.
15
Let z(f) = -f**2 - 15*f - 3. Calculate the remainder when 41 is divided by z(-14).
8
Suppose 2*x - 8 = 4. Suppose x = 3*r - 6. What is the remainder when ((-9)/(-2) + -1)*2 is divided by r?
3
Let g = -180 - -199. Calculate the remainder when g is divided by 6.
1
Let a = -80 - -92. What is the remainder when 44 is divided by a?
8
Let g(h) = 10*h**2 - h - 1. What is the remainder when g(2) is divided by (26/(-4))/((-3)/6)?
11
Let t(g) = -2*g - 4. Let f be t(-3). Let b = 15 + f. What is the remainder when 66 is divided by b?
15
Let o(u) = -u**3 + 13*u**2 - 12*u + 35. What is the remainder when 65 is divided by o(12)?
30
Suppose 2*w = 6*w - 132. Calculate the remainder when w is divided by ((-1)/1)/(3/(-36)).
9
Calculate the remainder when (-5)/(-6 + 1) + 138 is divided by 20.
19
Calculate the remainder when 53 is divided by (-8)/4 + 18 + 0.
5
Let t(l) = -l + 6. Let p be t(-9). Suppose -f - 23 = p. Let c = 53 + f. Calculate the remainder when 44 is divided by c.
14
Let y(f) = -6*f - 3*f**2 + 4*f**3 - 3*f**3 - 3*f**2. Calculate the remainder when 3*1 - 126/(-14) is divided by y(7).
5
Let m = 35 + -23. Calculate the remainder when 59 is divided by m.
11
Let s(l) = 3*l**3 - 4*l**2 - 4*l - 4. What is the remainder when s(4) is divided by 37?
34
Let m = 13 - 0. Suppose -n + m = -3*u, 4*n + 0*u - 1 = -5*u. Suppose -3*v - 4 = -n*s - 14, 3*s = 2*v - 7. Calculate the remainder when 3 is divided by v.
1
Let n(r) = r**2 - 3*r + 5. What is the remainder when 24 is divided by n(4)?
6
Suppose -4*c = -4*o + 43 - 123, 0 = c - 5*o - 40. What is the remainder when 71 is divided by c?
11
Suppose -62 = -2*w + i - 5*i, 0 = 5*w + 2*i - 147. What is the remainder when w is divided by 8?
5
Let q(n) = -n**2 + 6*n. Let y(m) = 2*m**2 - 18*m. Let x(b) = -8*q(b) - 3*y(b). What is the remainder when 15 is divided by x(-4)?
7
Suppose -5 = -4*f - 21. Let u(a) = a**2 + 3*a - 2. Let r be u(f). Calculate the remainder when 20 is divided by r/(-10) + (-112)/(-10).
9
Let h = 44 + -37. What is the remainder when 38 is divided by h?
3
Let h = 782 - 747. Let o = 289 - 151. Calculate the remainder when o is divided by h.
33
Let h(c) = c**3 + 2*c**2 + 2. Let u be h(-2). Suppose 12 = -u*b + 54. What is the remainder when b is divided by 11?
10
Let v(f) = f**3 + 6*f**2 + 2*f - 5. Let d be v(-5). Suppose -3*b - d + 33 = 2*a, -b + 6 = -a. Let q = 38 + -12. Calculate the remainder when q is divided by b.
5
Let u be (-1 - -3) + 2 + -1. Suppose -u*f = -m - 0*f + 5, m - 29 = -3*f. Calculate the remainder when 32 is divided by m.
15
Let f(o) be the third derivative of o**6/120 + 3*o**5/10 + o**3 + 4*o**2. Calculate the remainder when f(-18) is divided by 3.
0
Suppose 4*d + f - 301 = 0, -d - 2*f - f + 67 = 0. Calculate the remainder when d is divided by 26.
24
Suppose 14 = 3*w + 65. Let j = w + 28. What is the remainder when j is divided by 4?
3
Let h = 6 - 3. Suppose -2*k - 54 = -h*i - 4*k, 2*i - 52 = 4*k. What is the remainder when i is divided by 11?
9
Suppose -8*l = -3*l + 2*p - 173, 2*l - 75 = 5*p. Let a = 53 - l. Let x = a - 8. Calculate the remainder when x is divided by 4.
2
Let l = -53 - -121. Suppose 0 = 5*i - 17 - l. Calculate the remainder when 82 is divided by i.
14
Suppose -x + b - 156 = -3*x, b = 0. Calculate the remainder when x is divided by 21.
15
Let u = 70 - 7. Calculate the remainder when u is divided by 22.
19
Suppose -d + 5*t + 45 = 4*d, -2*d - 5*t = -39. Let l = -240 - -243. Calculate the remainder when d is divided by l.
0
Let m(j) be the first derivative of -j**3/3 - 9*j**2/2 + 4*j - 2. Calculate the remainder when -1 + 8/(2/2) is divided by m(-9).
3
Suppose -4*y + 23 = -3*q, 2*q + 34 + 0 = 5*y. Calculate the remainder when 45 is divided by y.
5
Let i(h) = 7*h**3 - 2*h**2 - 3*h + 3. What is the remainder when i(2) is divided by 24?
21
Let p(d) = -d**3 + 2. Let j(h) = h**3 + 6*h**2 + 4*h - 7. Let l be j(-5). Let t = l - -2. Calculate the remainder when 4 is divided by p(t).
0
Calculate the remainder when 1/(((-13)/1846)/((-2)/4)) is divided by 36.
35
Let u(b) = 28*b - 4. Calculate the remainder when u(1) is divided by 10.
4
Let h(k) = -k**3 + 6*k**2 + 3*k. What is the remainder when 49 is divided by h(-2)?
23
Let t(o) = -18*o - 166. Let y(n) = n**3 + n**2 + 8. Calculate the remainder when t(-10) is divided by y(0).
6
Let g(u) = -u**2 + 12*u - 5. Suppose -2*r + 28 = -3*z, -3*r = 3*z - z - 29. What is the remainder when g(r) is divided by 3?
0
Calculate the remainder when 12 is divided by (0 - -2)/(((-12)/14)/(-3)).
5
Let g(f) = 5*f - 2. Let k be g(3). Suppose 4*n + x = 12 - 1, 5*n + 2*x = k. Let d(m) = m**2 - 2*m - 5. Calculate the remainder when d(5) is divided by n.
1
Suppose -2*v + 77 = v + 5*n, 95 = 4*v - n. Calculate the remainder when 95 is divided by v.
23
Suppose 0*q = 3*q + 156. Let k = 43 + -74. Let p = k - q. Calculate the remainder when p is divided by 11.
10
Suppose -2*j - 2*j = -76. Calculate the remainder when (6/5)/(8/240) is divided by j.
17
Let d(t) = t**3 + 4*t**2 - 2*t - 6. Let a be d(-4). Suppose a*b - 4*b = 88. Let h = -19 - b. What is the remainder when h is divided by 13?
12
Let m(c) = -7*c**3 - 2*c**2 + 1. Let q be m(-1). Let r(s) = 4*s - 9. Calculate the remainder when 29 is divided by r(q).
14
Let o = -4 - -15. Let x = o + -8. Suppose 48 + 5 = 4*i + 5*a, -x*i + 11 = -2*a. Calculate the remainder when i is divided by 3.
1
Let j(d) = d - 1. Suppose 5*o - 55 = -20. Let x = 8 + -4. What is the remainder when j(o) is divided by x?
2
What is the remainder when 161/2 - (-3)/(-2) is divided by 27?
25
Suppose -6*k + 56 = -2*k. What is the remainder when 25 is divided by k?
11
Let p = 46 - 4. What is the remainder when p is divided by 11?
9
Suppose 2*i - 18 = -x - 0*x, -4*x = -3*i + 38. Calculate the remainder when 28 is divided by i.
8
Suppose 27 = -5*d - 4*g - 18, 0 = 3*d - 5*g - 10. Let x(m) = 2*m + 10 - 6 + 3*m + m**2. Calculate the remainder when 11 is divided by x(d).
3
Suppose -162 = -9*r + 3*r. What is the remainder when r is divided by 5?
2
Let y(a) = -a**3 + 8*a**2 - 6*a - 6. What is the remainder when y(5) is divided by 14?
11
Suppose -4*f + 97 = v, 5*v = -f + 6*f - 115. Calculate the remainder when 69 is divided by f.
21
Let y be 3/9 - (-70)/15. Suppose -y*z - 4*m = -51, 5*z - 2*m = 5 + 22. Let s = 16 - 3. What is the remainder when s is divided by z?
6
Suppose -p - 78 = -0*a - 5*a, p = -4*a + 66. Suppose 646 - 217 = 3*w. Suppose -37 = -4*l + w. What is the remainder when l is divided by a?
13
What is the remainder when 175 is divided by (-55)/2*(-36)/45?
21
Suppose 4*c = -4*n, 3 = -2*c + 4*c - n. Let u be 2 + c + -2 + 1. Suppose u*y = 5*y - 129. What is the remainder when y is divided by 15?
13
Let g be (2/4)/((-3)/(-30)). Suppose -99 = -g*f - 2*u, -2 + 13 = f - 4*u. What is the remainder when (8/12)/(1/84) is divided by f?
18
Calculate the remainder when (-1)/3*183/(-1) is divided by -21 + 21 + (-31)/(-1).
30
Let o(a) = 3*a**2 + 2*a - 7. Let n be -1*12/(-8)*-2. Suppose 116 = 4*f - 4*m, -2*f + m = -4*f + 49. What is the remainder when f is divided by o(n)?
12
Let x = 198 - 148. What is the remainder when x is divided by 11?
6
Let h be -2*1*49/(-14). Let f = -5 + h. Calculate the remainder when 7 is divided by f.
1
Let q = -3 + 3. Suppose q = -0*g + 4*g, 70 = 5*d - 4*g. Calculate the remainder when (-597)/(-15) + 2/10 is divided by d.
12
Suppose -2*k + 78 - 18 = 0. Calculate the remainder when 41 is divided by k.
11
Let n = 4 + -2. Supp